{"id":1195,"date":"2013-04-05T16:38:18","date_gmt":"2013-04-05T16:38:18","guid":{"rendered":"http:\/\/www.kriesi.at\/themes\/enfold\/?page_id=1195"},"modified":"2019-09-30T19:06:01","modified_gmt":"2019-09-30T19:06:01","slug":"about-us","status":"publish","type":"page","link":"http:\/\/gala-hoetter.de\/?page_id=1195","title":{"rendered":"\u00dcber uns"},"content":{"rendered":"<div  class='flex_column av-vwuwob-099b11f5543b26cc13b0ac6f8c152248 av_one_half  avia-builder-el-0  el_before_av_one_half  avia-builder-el-first  first flex_column_div  '     ><div  class='avia-slideshow av-ujg56j-8628bd1511e622f15400ef2ed909b7d8 avia-slideshow-featured av_slideshow avia-slide-slider  avia-builder-el-1  avia-builder-el-no-sibling  av-slideshow-ui av-slideshow-autoplay av-loop-endless av-loop-manual-endless av-default-height-applied avia-slideshow-1' data-slideshow-options=\"{&quot;animation&quot;:&quot;slide&quot;,&quot;autoplay&quot;:true,&quot;loop_autoplay&quot;:&quot;endless&quot;,&quot;interval&quot;:5,&quot;loop_manual&quot;:&quot;manual-endless&quot;,&quot;autoplay_stopper&quot;:false,&quot;noNavigation&quot;:false,&quot;bg_slider&quot;:false,&quot;keep_padding&quot;:false,&quot;hoverpause&quot;:false,&quot;show_slide_delay&quot;:0}\"  itemprop=\"image\" itemscope=\"itemscope\" itemtype=\"https:\/\/schema.org\/ImageObject\" ><ul class='avia-slideshow-inner ' style='padding-bottom: 43%;'><li  class='avia-slideshow-slide av-ujg56j-8628bd1511e622f15400ef2ed909b7d8__0  slide-1 slide-odd'><div data-rel='slideshow-1' class='avia-slide-wrap '   ><img fetchpriority=\"high\" class=\"wp-image-3392 avia-img-lazy-loading-not-3392\"  src='http:\/\/gala-hoetter.de\/wp-content\/uploads\/2015\/01\/GaLa-H\u00f6tter-Projekte_46-1000x430.jpg' width='1000' height='430' title='GaLa H\u00f6tter Projekte_46' alt=''  itemprop=\"thumbnailUrl\"   \/><\/div><\/li><li  class='avia-slideshow-slide av-ujg56j-8628bd1511e622f15400ef2ed909b7d8__1  slide-2 slide-even'><div data-rel='slideshow-1' class='avia-slide-wrap '   ><img fetchpriority=\"high\" class=\"wp-image-3466 avia-img-lazy-loading-not-3466\"  src='http:\/\/gala-hoetter.de\/wp-content\/uploads\/2015\/01\/GaLa-H\u00f6tter-Projekte_Bautenschutz2-1194x430.jpg' width='1194' height='430' title='GaLa H\u00f6tter Projekte_Bautenschutz2' alt=''  itemprop=\"thumbnailUrl\"   \/><\/div><\/li><li  class='avia-slideshow-slide av-ujg56j-8628bd1511e622f15400ef2ed909b7d8__2  slide-3 slide-odd'><div data-rel='slideshow-1' class='avia-slide-wrap '   ><img fetchpriority=\"high\" class=\"wp-image-3389 avia-img-lazy-loading-not-3389\"  src='http:\/\/gala-hoetter.de\/wp-content\/uploads\/2015\/01\/GaLa-H\u00f6tter-Projekte_43-1000x430.jpg' width='1000' height='430' title='GaLa H\u00f6tter Projekte_43' alt=''  itemprop=\"thumbnailUrl\"   \/><\/div><\/li><li  class='avia-slideshow-slide av-ujg56j-8628bd1511e622f15400ef2ed909b7d8__3  slide-4 slide-even'><div data-rel='slideshow-1' class='avia-slide-wrap '   ><img fetchpriority=\"high\" class=\"wp-image-3401 avia-img-lazy-loading-not-3401\"  src='http:\/\/gala-hoetter.de\/wp-content\/uploads\/2015\/01\/GaLa-H\u00f6tter-Projekte_54-1000x430.jpg' width='1000' height='430' title='DIGITAL CAMERA' alt=''  itemprop=\"thumbnailUrl\"   \/><\/div><\/li><\/ul><div class='avia-slideshow-arrows avia-slideshow-controls' ><a href='#prev' class='prev-slide ' aria-hidden='true' data-av_icon='\ue87c' data-av_iconfont='entypo-fontello'  tabindex='-1'>Zur\u00fcck<\/a><a href='#next' class='next-slide ' aria-hidden='true' data-av_icon='\ue87d' data-av_iconfont='entypo-fontello'  tabindex='-1'>Weiter<\/a><\/div><div class='avia-slideshow-dots avia-slideshow-controls'><a href='#1' class='goto-slide active' >1<\/a><a href='#2' class='goto-slide ' >2<\/a><a href='#3' class='goto-slide ' >3<\/a><a href='#4' class='goto-slide ' >4<\/a><\/div><\/div><\/div>\n<div  class='flex_column av-lojqff-1c3eb4b0be01914cc826244297b3b2b5 av_one_half  avia-builder-el-2  el_after_av_one_half  el_before_av_section  avia-builder-el-last  flex_column_div  '     ><p>\n<style type=\"text\/css\" data-created_by=\"avia_inline_auto\" id=\"style-css-av-l7hg8b-95ef6657bf12794eb953d905c70edbac\">\n#top .av-special-heading.av-l7hg8b-95ef6657bf12794eb953d905c70edbac{\npadding-bottom:10px;\ncolor:#598900;\n}\nbody .av-special-heading.av-l7hg8b-95ef6657bf12794eb953d905c70edbac .av-special-heading-tag .heading-char{\nfont-size:25px;\n}\n.av-special-heading.av-l7hg8b-95ef6657bf12794eb953d905c70edbac .special-heading-inner-border{\nborder-color:#598900;\n}\n.av-special-heading.av-l7hg8b-95ef6657bf12794eb953d905c70edbac .av-subheading{\nfont-size:10px;\n}\n<\/style>\n<div  class='av-special-heading av-l7hg8b-95ef6657bf12794eb953d905c70edbac av-special-heading-h3 custom-color-heading blockquote modern-quote  avia-builder-el-3  el_before_av_textblock  avia-builder-el-first '><h3 class='av-special-heading-tag '  itemprop=\"headline\"  >Wilkommen bei GaLa H\u00f6tter<\/h3><div class=\"special-heading-border\"><div class=\"special-heading-inner-border\"><\/div><\/div><\/div><br \/>\n<section  class='av_textblock_section av-iqzkvf-0be5f4492636544c3d6bc2a03573217b '   itemscope=\"itemscope\" itemtype=\"https:\/\/schema.org\/CreativeWork\" ><div class='avia_textblock'  itemprop=\"text\" ><p>Als Familienunternehmen liegt uns die Kundenn\u00e4he am Herzen. Qualit\u00e4t und Service steht bei uns an erster Stelle.<\/p>\n<p>Mit einer Motors\u00e4ge und einer Heckenschere wurde im Jahr 2000 der Betrieb gegr\u00fcndet. Seit dem hat sich viel getan. Heute stehen ein Maschinenpark bestehend aus Mobilbagger, Radlader, Traktor, \u00a0Anh\u00e4ngern und Spezialmaschinen sowie vier festangestellte Mitarbeiter zur Verf\u00fcgung.<\/p>\n<h4><\/h4>\n<\/div><\/section><\/p><\/div>\n<\/div><\/div><\/div><!-- close content main div --><\/div><\/div><div id='av_section_1'  class='avia-section av-hel93v-fdf54dd64dd336469ff447ea71be7e62 alternate_color avia-section-large avia-shadow  avia-builder-el-5  el_after_av_one_half  el_before_av_one_full  avia-bg-style-scroll container_wrap sidebar_right'  ><div class='container av-section-cont-open' ><div class='template-page content  av-content-small alpha units'><div class='post-entry post-entry-type-page post-entry-1195'><div class='entry-content-wrapper clearfix'>\n<section  class='av_textblock_section av-ghvhez-969d93181454c910c98e8022a479c81d '   itemscope=\"itemscope\" itemtype=\"https:\/\/schema.org\/CreativeWork\" ><div class='avia_textblock'  itemprop=\"text\" ><h2 style=\"text-align: center;\">Kundenstimmen<\/h2>\n<\/div><\/section>\n<div  class='hr av-dih3ln-b5a1857e2914af2b15467063ff015f3d hr-short  avia-builder-el-7  el_after_av_textblock  el_before_av_testimonials  hr-center'><span class='hr-inner '><span class=\"hr-inner-style\"><\/span><\/span><\/div>\n<div  class='avia-testimonial-wrapper av-byos7v-04ba753532e033a48f3a1fc1c3c431c5 avia-grid-testimonials avia-grid-3-testimonials avia_animate_when_almost_visible' >\n<section class=\"avia-testimonial-row\"><div class='avia-testimonial av-ap5zaz-d0a71b6c7db86fcabf6897cfd777a18c avia-testimonial-row-1 avia-first-testimonial flex_column no_margin av_one_third'><div class='avia-testimonial_inner'  itemscope=\"itemscope\" itemtype=\"https:\/\/schema.org\/CreativeWork\" ><div class='avia-testimonial-content '><div class='avia-testimonial-markup-entry-content'  itemprop=\"text\" ><p>&#8222;Sehr geehrter Herr H\u00f6tter, mit diesen Zeilen m\u00f6chten wir unsere gro\u00dfe Zufriedenheit \u00fcber die auf unserem Grundst\u00fcck durchgef\u00fchrten Arbeiten ausdr\u00fccken. Beratung, Planung und Ausf\u00fchrung waren perfekt und professionell.&#8220;<\/p>\n<\/div><\/div><div class=\"avia-testimonial-meta\"><div class=\"avia-testimonial-arrow-wrap\"><div class=\"avia-arrow\"><\/div><\/div><div class='avia-testimonial-meta-mini'  itemprop=\"author\" itemscope=\"itemscope\" itemtype=\"https:\/\/schema.org\/Person\" ><strong  class='avia-testimonial-name'  itemprop=\"name\" >Ullabritt Volkers<\/strong><\/div><\/div><\/div><\/div>\n<div class='avia-testimonial av-9kb7rv-5396c58db534a525dffae15f8f54e421 avia-testimonial-row-1 flex_column no_margin av_one_third'><div class='avia-testimonial_inner'  itemscope=\"itemscope\" itemtype=\"https:\/\/schema.org\/CreativeWork\" ><div class='avia-testimonial-content '><div class='avia-testimonial-markup-entry-content'  itemprop=\"text\" ><p>&#8222;Ich bin mit der Planung und Ausf\u00fchrung Ihrer g\u00e4rtnerischen T\u00e4tigkeiten stets sehr zufrieden. Meine eigenen W\u00fcnsche wurden immer respektiert und in Ihre kreative Planung mit einbezogen. Die Umsetzung erfolgt stets fachgerecht und vor Allem: der Arbeitsplatz wird stets perfekt sauber hinterlassen.<\/p>\n<\/div><\/div><div class=\"avia-testimonial-meta\"><div class=\"avia-testimonial-arrow-wrap\"><div class=\"avia-arrow\"><\/div><\/div><div class='avia-testimonial-meta-mini'  itemprop=\"author\" itemscope=\"itemscope\" itemtype=\"https:\/\/schema.org\/Person\" ><strong  class='avia-testimonial-name'  itemprop=\"name\" >Sabine Rebbert<\/strong><\/div><\/div><\/div><\/div>\n<div class='avia-testimonial av-7wfngr-2cd9b3675f3c22e4414ff38ac5caf1f1 avia-testimonial-row-1 avia-last-testimonial flex_column no_margin av_one_third'><div class='avia-testimonial_inner'  itemscope=\"itemscope\" itemtype=\"https:\/\/schema.org\/CreativeWork\" ><div class='avia-testimonial-content '><div class='avia-testimonial-markup-entry-content'  itemprop=\"text\" ><p>&#8222;Sehr geehrter Herr H\u00f6tter, ich m\u00f6chte mich an dieser Stelle einmal recht herzlich bedanken f\u00fcr die Durchf\u00fchrung der beauftragten Arbeiten (Baumf\u00e4llung, Garagensanierung, Neugestaltung der Terrasse und der Garagenzufahrt). Beeindruckt bin ich von Ihrer Zuverl\u00e4ssigkeit und der qualitativ hochwertigen Umsetzung! Ich werde Sie weiterempfehlen!&#8220;<\/p>\n<\/div><\/div><div class=\"avia-testimonial-meta\"><div class=\"avia-testimonial-arrow-wrap\"><div class=\"avia-arrow\"><\/div><\/div><div class='avia-testimonial-meta-mini'  itemprop=\"author\" itemscope=\"itemscope\" itemtype=\"https:\/\/schema.org\/Person\" ><strong  class='avia-testimonial-name'  itemprop=\"name\" >Burkhard Blesel<\/strong><\/div><\/div><\/div><\/div><\/section>\n<section class=\"avia-testimonial-row\"><div class='avia-testimonial av-igw3v-ddf5713b63f705dc1c21bb3de594c90a avia-testimonial-row-2 avia-first-testimonial flex_column no_margin av_one_third'><div class='avia-testimonial_inner'  itemscope=\"itemscope\" itemtype=\"https:\/\/schema.org\/CreativeWork\" ><div class='avia-testimonial-content '><div class='avia-testimonial-markup-entry-content'  itemprop=\"text\" ><p>F\u00fcr unseren Garten stand eine komplette Neugestaltung an. Herr H\u00f6tter hat unsere Vorstellungen aufgenommen und uns einen sehr sch\u00f6nen Gestaltungsvorschlag gemacht und uns bis zum endg\u00fcltigen Entwurf sehr kompetent beraten. Die Umsetzung wurde von ihm und seinem Team sehr professionell und mit gro\u00dfem Einsatz durchgef\u00fchrt. Wir haben Herrn H\u00f6tter bereits weiterempfohlen und werden es auch weiterhin tun.<\/p>\n<\/div><\/div><div class=\"avia-testimonial-meta\"><div class=\"avia-testimonial-arrow-wrap\"><div class=\"avia-arrow\"><\/div><\/div><div class='avia-testimonial-meta-mini'  itemprop=\"author\" itemscope=\"itemscope\" itemtype=\"https:\/\/schema.org\/Person\" ><strong  class='avia-testimonial-name'  itemprop=\"name\" >Detlef Marsch<\/strong><\/div><\/div><\/div><\/div>\n<div class='avia-testimonial av-48vhx7-ed10c4b614c67aef960ae8c4e6771132 avia-testimonial-row-2 flex_column no_margin av_one_third'><div class='avia-testimonial_inner'  itemscope=\"itemscope\" itemtype=\"https:\/\/schema.org\/CreativeWork\" ><div class='avia-testimonial-content '><div class='avia-testimonial-markup-entry-content'  itemprop=\"text\" ><p>Sehr geehrter Herr H\u00f6tter,<\/p>\n<p>sehr gerne m\u00f6chten wir unserer Zufriedenheit Ausdruck verleihen. Die Beratung, Planung und die ausgef\u00fchrten Arbeiten unseres Vorgartens waren in allen Belangen super und haben ganz und gar unseren Geschmack getroffen.<\/p>\n<\/div><\/div><div class=\"avia-testimonial-meta\"><div class=\"avia-testimonial-arrow-wrap\"><div class=\"avia-arrow\"><\/div><\/div><div class='avia-testimonial-meta-mini'  itemprop=\"author\" itemscope=\"itemscope\" itemtype=\"https:\/\/schema.org\/Person\" ><strong  class='avia-testimonial-name'  itemprop=\"name\" >Ute und Roger Theis<\/strong><\/div><\/div><\/div><\/div>\n<\/section><\/div>\n<\/div><\/div><\/div><!-- close content main div --><\/div><\/div><div id='after_section_1'  class='main_color av_default_container_wrap container_wrap sidebar_right'  ><div class='container av-section-cont-open' ><div class='template-page content  av-content-small alpha units'><div class='post-entry post-entry-type-page post-entry-1195'><div class='entry-content-wrapper clearfix'>\n<div  class='flex_column av-20fu3f-6175371caf44979234ab2482b2318424 av_one_full  avia-builder-el-9  el_after_av_section  avia-builder-el-no-sibling  first flex_column_div  '     ><\/div>\n","protected":false},"excerpt":{"rendered":"","protected":false},"author":2,"featured_media":0,"parent":1122,"menu_order":0,"comment_status":"open","ping_status":"open","template":"","meta":{"footnotes":""},"class_list":["post-1195","page","type-page","status-publish","hentry"],"_links":{"self":[{"href":"http:\/\/gala-hoetter.de\/index.php?rest_route=\/wp\/v2\/pages\/1195"}],"collection":[{"href":"http:\/\/gala-hoetter.de\/index.php?rest_route=\/wp\/v2\/pages"}],"about":[{"href":"http:\/\/gala-hoetter.de\/index.php?rest_route=\/wp\/v2\/types\/page"}],"author":[{"embeddable":true,"href":"http:\/\/gala-hoetter.de\/index.php?rest_route=\/wp\/v2\/users\/2"}],"replies":[{"embeddable":true,"href":"http:\/\/gala-hoetter.de\/index.php?rest_route=%2Fwp%2Fv2%2Fcomments&post=1195"}],"version-history":[{"count":17,"href":"http:\/\/gala-hoetter.de\/index.php?rest_route=\/wp\/v2\/pages\/1195\/revisions"}],"predecessor-version":[{"id":3411,"href":"http:\/\/gala-hoetter.de\/index.php?rest_route=\/wp\/v2\/pages\/1195\/revisions\/3411"}],"up":[{"embeddable":true,"href":"http:\/\/gala-hoetter.de\/index.php?rest_route=\/wp\/v2\/pages\/1122"}],"wp:attachment":[{"href":"http:\/\/gala-hoetter.de\/index.php?rest_route=%2Fwp%2Fv2%2Fmedia&parent=1195"}],"curies":[{"name":"wp","href":"https:\/\/api.w.org\/{rel}","templated":true}]}}